 and 55?
11
Let x(r) = 55*r - 4. Let u be x(-2). Let n be u/(-4)*(-30)/(-45). Let l = 37 - n. Calculate the greatest common factor of 6 and l.
6
Let b = -57 - -157. What is the greatest common factor of b and 250?
50
Let a be -4*((-45)/(-20) + -4). Suppose a*r - 336 = r. Calculate the greatest common divisor of 7 and r.
7
Let v = 8 + 2. Suppose v = 2*o, -p - 5*o + 24 + 20 = 0. Let n be 2/(-5) - (-382)/5. Calculate the highest common divisor of p and n.
19
Let z = -2 - -2. Let u(g) = g**2 + g + 36. Let j be u(z). Let b be (((-1260)/27)/14 - -3)/((-1)/27). What is the highest common factor of b and j?
9
Let s = 9 + -6. Let k = -13 - -33. Let m = 41 - k. Calculate the greatest common divisor of s and m.
3
Let h be ((-5)/(-2))/(20/16). Let i be h + 3 + (-3)/3. Suppose 2*x = -5*y + 60, 5*y + i = -x + 59. What is the highest common factor of 70 and y?
10
Suppose 3*z - 100*r = -98*r + 106, -116 = -3*z + 4*r. Calculate the greatest common factor of 18 and z.
2
Let j(z) = -z**3 - 3*z**2 + 3*z + 6. Suppose -2*k - 11 = -3. Let y be j(k). What is the highest common divisor of 20 and y?
10
Suppose 0 = 177*x - 180*x - 6, 5*v = 2*x + 54. What is the greatest common divisor of 645 and v?
5
Suppose 0 = -d - 0 + 22. Let z be (-16)/(-5) - (-2)/(-10). Let l be (-202)/(-6) + (-2)/z. What is the highest common divisor of d and l?
11
Let j be (-1)/((-14)/(-12) - 1). Let w be j/21 + 366/(-42). Let z = 18 - w. Calculate the greatest common factor of 3 and z.
3
Let v be (-2)/12 + 724/24. Let o = -12 + 22. Suppose 0 = -w + o. What is the highest common factor of w and v?
10
Let g be -1*-2*(-39)/6. Let r = -2 - g. Let q(m) = -4*m + 120. Let j be q(8). What is the highest common factor of j and r?
11
Let p be (-2)/(-6) + 19443/(-9). Let f be ((-12)/(-10))/((-32)/p). Calculate the highest common factor of 9 and f.
9
Suppose 53*j = 54*j - 17. Suppose 13*k - 7*k - 306 = 0. Calculate the greatest common divisor of j and k.
17
Let f = 679 - 431. What is the greatest common divisor of 31 and f?
31
Let r = 341 - 185. Calculate the greatest common factor of 26 and r.
26
Suppose 0 = -2*h + 9 + 5. Suppose 0 = -2*l + 5*n - h, 0*l - 4*n + 20 = 2*l. Calculate the highest common factor of l and 4.
4
Let b be (5/10)/(2/40). Let t be (4/(-6))/(2/3). Let u be 48*5*t/(-3). What is the highest common divisor of b and u?
10
Let o = -8133 + 12393. What is the greatest common factor of 60 and o?
60
Let y(c) = -c**3 + 20*c**2 - 16*c - 42. Let m be y(19). Let z(l) = 25*l**3 - 2*l**2 + 4*l - 5. Let j be z(2). What is the highest common divisor of j and m?
15
Let h(j) = -j**2 - 2*j + 1. Let v be h(1). Let y be ((-2)/6)/(2/(-18)). Let i = y + v. What is the greatest common factor of i and 4?
1
Suppose 0 = 2*j + 11 - 51. Suppose 22 = 3*i - j. Let s(x) = x**3 - 2*x**2 + 5*x - 2. Let z be s(5). What is the greatest common divisor of i and z?
14
Suppose -4*m = -0 - 4, 3*a - 4*m - 236 = 0. Let g = -48 + a. What is the highest common factor of g and 160?
32
Suppose 11*h = 7*h + 224. Calculate the greatest common factor of h and 154.
14
Suppose -4*h + 2*g = -g - 44, 2*g - 16 = -3*h. Let f = 140 + -98. Let z = f - 34. Calculate the highest common factor of h and z.
8
Suppose 6*i = 14 + 64. Suppose c - i = 80. Calculate the greatest common divisor of c and 62.
31
Let z(d) = 1 + 2 - 2*d + 5*d. Let o be z(3). Suppose -4*r + 3*j = -84, r + 2*j + 9 = 41. Calculate the greatest common factor of r and o.
12
Let i be 4/26 - (-123)/(-39). Let n be ((-2)/i)/((-2)/(-9)). Suppose 0 = -5*t - b + 3*b + 64, 42 = 4*t + n*b. What is the greatest common factor of t and 3?
3
Let j(u) = u**3 + 12*u**2 - 3*u - 18. Let g be j(-12). Calculate the highest common factor of g and 342.
18
Let l = 2082 + -2074. Calculate the greatest common divisor of 80 and l.
8
Suppose 0 = 5*x - 4*s + 1, -7*x - s + 16 = -3*x. Suppose 5*t - x*t = 26. Let h be -1 + (1*27 - 0). Calculate the highest common factor of t and h.
13
Let p be -1*5*(12/(-5))/3. Let z(w) = 2*w**3 + 6*w - 9. Let i be z(p). What is the greatest common factor of i and 13?
13
Let s = 814 + -274. What is the highest common divisor of s and 100?
20
Let n be -39*(-2)/(30/25). Let r be (0 + 10)*3/6. Calculate the highest common divisor of n and r.
5
Let y(u) = -13*u - 3. Let a(h) = -13*h - 1. Let t be a(0). Let j be y(t). What is the highest common factor of 40 and j?
10
Let r be (((-52)/(-10))/(-13))/(1/(-170)). Calculate the highest common divisor of r and 34.
34
Let i = 2684 - 979. Calculate the highest common factor of 55 and i.
55
Let z(a) = 41*a + 12. Let q be z(2). What is the highest common factor of q and 47?
47
Suppose 2*o + 2*t + 10 = 0, -o - 2*t = 6 - 0. Let j(u) = u**2 + 2*u. Let c be j(o). Calculate the greatest common factor of 24 and c.
8
Suppose 21 = 3*n - 6. Suppose 4*h = 3*h + 81. Calculate the highest common factor of h and n.
9
Let r = 267 + -235. What is the highest common factor of 24 and r?
8
Let z(f) = f**3 - f - 5. Let a be z(5). Suppose -49*t + 1427 = -827. What is the greatest common divisor of t and a?
23
Suppose 5*z - z - 4 = 0. Let x be (-17)/(z - 36/32). Suppose 2*h = -0*h + 34. Calculate the greatest common factor of h and x.
17
Let s be (551/(-29))/(1 - 2). Calculate the highest common divisor of 57 and s.
19
Let v be ((-935)/255)/((4/6)/(-2)). Calculate the highest common divisor of 869 and v.
11
Suppose 74*q = 75*q - 275. Calculate the highest common divisor of q and 33.
11
Let u(g) = 31*g**3 - g**2 + 1. Let j be u(1). Let i(a) = -18*a - 1630. Let w be i(-94). What is the greatest common divisor of j and w?
31
Suppose -607 = -2*a + 3*o, 5*a - 6*o = -4*o + 1501. Suppose -a + 46 = -3*k + t, -2*k + 163 = 5*t. What is the greatest common divisor of 24 and k?
12
Let l(v) = 4*v**2 - 2*v - 2. Let r be l(-4). Let u = -47 + 78. Let j = u - 17. Calculate the highest common factor of r and j.
14
Let o be 3/3*(-1)/(-1). Suppose 4*b = -6*m + 3*m + 49, -2*b + 63 = 5*m. Calculate the highest common divisor of o and m.
1
Let w(r) = -2*r - 4. Let v be w(-7). Let q be (-35)/(-7)*(-42)/v. Let t = q + 26. What is the highest common factor of t and 2?
1
Let c = 24 + -18. Suppose -c*z + 210 = -z. What is the greatest common divisor of 14 and z?
14
Suppose 3*r = -3*o + 189, 22*o - 2*r = 18*o + 222. What is the greatest common factor of 58 and o?
58
Suppose 0 = 3*b - 0*b + 5*g + 5, -3*g = -3*b + 3. Let y = 9 + b. Let k be 2/(19/y - 2). Calculate the greatest common divisor of k and 18.
18
Let l(v) = 188*v**2 - 38*v + 71. Let z be l(2). Calculate the greatest common divisor of 9 and z.
9
Suppose 4*g = 5*c + 1188, 2*g + 94 = c + 334. Let w be (-3)/(-12) + c/(-16). What is the greatest common factor of 3 and w?
3
Let b be (-618 - 8)*(-1)/2. Suppose 2*t = b + 387. Calculate the highest common factor of t and 35.
35
Suppose -2*r + 1 + 11 = 0. Suppose -2*k + 2*y = -14, 0 = -3*k - 0*y + 2*y + 26. Calculate the greatest common divisor of r and k.
6
Let y be (0 - 2)*(-1266)/(-12). Let j = 323 + y. What is the highest common divisor of j and 16?
16
Let a be 16/(-32)*(-98)/(2 - 1). Calculate the greatest common divisor of 392 and a.
49
Let w(n) = n**2 + 10*n + 77. Let j be w(-5). What is the highest common factor of 234 and j?
26
Suppose 5*y + 165 = w, -5*w + y = 3*y - 798. Let j = -1914 - -1934. What is the highest common factor of w and j?
20
Suppose -5*r - 3*g + 27 = 0, 4*g = -r - 4*r + 31. Suppose 0 = -r*k + 92 + 85. Let d = k - 19. Calculate the highest common divisor of d and 8.
8
Suppose -3*j - 2*j = -20. Suppose 0 = -j*h - 106 + 150. Calculate the highest common factor of 77 and h.
11
Suppose 0 = v - 4*n - 56, 0 = 2*v - n - 2*n - 92. Suppose -8*d + 63 = -537. Suppose g + d = 16*g. What is the highest common factor of v and g?
5
Let i(s) = 3 - 1 + 8*s - 5 - 7. Let x be i(6). Suppose 3*b = -4*q + 13, -b - 5*q - x = -5*b. What is the highest common divisor of 56 and b?
7
Let b = -1213 - -2027. Calculate the highest common factor of 22 and b.
22
Let l(p) = -p**2 + 12*p - 32. Let u be l(8). Suppose 0 = -5*t - 2*m + 46, -t + 3*t - 2*m - 24 = u. Calculate the greatest common divisor of t and 20.
10
Let x = 48 - -120. Suppose 2*f + 0*f = 516. Let y = f - x. What is the highest common factor of y and 36?
18
Suppose -5*x = -2*y + 7 + 68, 3*y + 3*x = 123. Let m(f) be the first der